9
Calculate the greatest common divisor of 99 and 36.
9
What is the greatest common divisor of 399 and 1729?
133
What is the highest common divisor of 460 and 70?
10
Calculate the greatest common divisor of 11 and 88.
11
What is the highest common divisor of 715 and 495?
55
Calculate the greatest common divisor of 135 and 555.
15
Calculate the highest common factor of 621 and 23.
23
What is the highest common divisor of 121 and 3025?
121
Calculate the highest common divisor of 219 and 730.
73
What is the highest common factor of 910 and 5?
5
Calculate the greatest common factor of 320 and 60.
20
What is the highest common factor of 50 and 14000?
50
Calculate the greatest common divisor of 364 and 1652.
28
Calculate the greatest common divisor of 66 and 88.
22
Calculate the greatest common factor of 80 and 156.
4
Calculate the greatest common factor of 12059 and 155.
31
Calculate the greatest common factor of 1865 and 5.
5
Calculate the highest common divisor of 128 and 9.
1
What is the greatest common factor of 11 and 88?
11
Calculate the highest common factor of 1312 and 32.
32
What is the highest common divisor of 770 and 44?
22
What is the greatest common divisor of 180 and 756?
36
Calculate the highest common divisor of 2622 and 228.
114
What is the greatest common factor of 306 and 3264?
102
Calculate the greatest common divisor of 80 and 280.
40
Calculate the greatest common factor of 9 and 729.
9
What is the greatest common factor of 164 and 2501?
41
Calculate the highest common divisor of 46 and 2.
2
What is the highest common divisor of 59 and 13?
1
What is the highest common factor of 64 and 35744?
32
Calculate the highest common factor of 8683 and 19.
19
Calculate the highest common factor of 80 and 272.
16
What is the highest common factor of 4 and 180?
4
What is the highest common divisor of 39 and 897?
39
What is the highest common divisor of 24 and 216?
24
What is the highest common factor of 1230 and 60?
30
Calculate the greatest common factor of 131 and 524.
131
Calculate the greatest common factor of 6975 and 62.
31
Calculate the highest common factor of 2 and 18.
2
Calculate the greatest common divisor of 30 and 45.
15
Calculate the highest common factor of 56 and 378.
14
Calculate the greatest common factor of 3354 and 234.
78
Calculate the greatest common divisor of 40 and 5.
5
What is the greatest common divisor of 115 and 5?
5
What is the greatest common divisor of 1674 and 310?
62
What is the highest common divisor of 944 and 885?
59
What is the highest common factor of 9264 and 120?
24
What is the greatest common divisor of 175 and 105?
35
What is the greatest common factor of 2814 and 9?
3
Calculate the highest common factor of 132 and 12.
12
What is the highest common factor of 37 and 6697?
37
Calculate the greatest common divisor of 65 and 1261.
13
What is the highest common divisor of 53 and 689?
53
What is the greatest common divisor of 378 and 28?
14
What is the greatest common divisor of 20 and 236?
4
What is the highest common factor of 49 and 56?
7
Calculate the greatest common factor of 813 and 20867.
271
What is the greatest common divisor of 54 and 1302?
6
Calculate the greatest common factor of 325 and 175.
25
What is the greatest common factor of 45 and 855?
45
Calculate the greatest common divisor of 819 and 27.
9
What is the highest common factor of 52 and 200?
4
What is the greatest common factor of 4 and 4?
4
What is the greatest common divisor of 1716 and 176?
44
What is the greatest common factor of 14 and 438?
2
Calculate the greatest common divisor of 3892 and 139.
139
What is the highest common factor of 720 and 11280?
240
Calculate the highest common factor of 255 and 1377.
51
What is the greatest common factor of 416 and 182?
26
Calculate the highest common factor of 27 and 621.
27
What is the highest common factor of 4032 and 9?
9
What is the greatest common divisor of 234 and 18?
18
What is the greatest common factor of 65 and 39?
13
What is the greatest common divisor of 79 and 632?
79
What is the highest common divisor of 338 and 1066?
26
Calculate the greatest common factor of 67 and 1005.
67
What is the highest common factor of 74 and 32042?
74
What is the highest common factor of 6 and 7746?
6
What is the highest common factor of 8 and 224?
8
Calculate the greatest common factor of 14 and 21.
7
Calculate the greatest common factor of 9 and 657.
9
Calculate the greatest common divisor of 1017 and 4520.
113
Calculate the greatest common factor of 104 and 2392.
104
Calculate the greatest common divisor of 68 and 153.
17
What is the highest common divisor of 1424 and 64?
16
What is the highest common factor of 126 and 42?
42
Calculate the greatest common factor of 7202 and 26.
26
What is the greatest common factor of 936 and 18?
18
What is the highest common factor of 265 and 159?
53
What is the greatest common factor of 60 and 14680?
20
What is the highest common factor of 145 and 1305?
145
What is the greatest common divisor of 10 and 130?
10
Calculate the greatest common factor of 388 and 873.
97
What is the greatest common factor of 207 and 207?
207
Calculate the highest common divisor of 4181 and 111.
37
What is the greatest common divisor of 8 and 92?
4
What is the highest common divisor of 2 and 502?
2
Calculate the highest common factor of 24 and 4056.
24
What is the highest common divisor of 60 and 664?
4
Calculate the greatest common divisor of 90 and 36.
18
What is the highest common factor of 126 and 3654?
126
What is the greatest common factor of 24160 and 40?
40
What is the greatest common divisor of 18 and 153?
9
What is the highest common divisor of 123 and 4141?
41
Calculate the highest common factor of 525 and 150.
75
Calculate the highest common factor of 67 and 2881.
67
Calculate the highest common divisor of 212 and 530.
106
What is the greatest common factor of 64 and 448?
64
Calculate the greatest common factor of 58 and 1189.
29
What is the highest common divisor of 87 and 3277?
29
What is the greatest common divisor of 7236 and 8?
4
Calculate the highest common factor of 435 and 300.
15
What is the highest common divisor of 3672 and 12?
12
What is the highest common divisor of 10 and 810?
10
Calculate the greatest common factor of 658 and 84.
14
What is the greatest common divisor of 507 and 195?
39
What is the highest common divisor of 252 and 1890?
126
Calculate the greatest common divisor of 156 and 39.
39
Calculate the highest common factor of 17302 and 410.
82
What is the highest common factor of 462 and 594?
66
Calculate the highest common divisor of 60 and 36930.
30
What is the greatest common divisor of 63 and 153?
9
What is the highest common divisor of 212 and 371?
53
What is the greatest common factor of 3000 and 175?
25
What is the greatest common divisor of 2 and 22?
2
Calculate the greatest common factor of 374 and 238.
34
Calculate the highest common divisor of 344 and 774.
86
What is the greatest common divisor of 5516 and 42?
14
What is the greatest common factor of 33 and 1859?
11
What is the greatest common factor of 58 and 754?
58
What is the greatest common divisor of 5 and 1865?
5
Calculate the greatest common divisor of 512 and 320.
64
Calculate the greatest common divisor of 24 and 48.
24
What is the greatest common factor of 1840 and 345?
115
What is the greatest common factor of 1876 and 49?
7
What is the highest common divisor of 783 and 174?
87
Calculate the highest common divisor of 6 and 22.
2
What is the greatest common factor of 1859 and 44?
11
What is the highest common factor of 16 and 46?
2
Calculate the highest common divisor of 9075 and 75.
75
What is the highest common divisor of 15 and 5235?
15
What is the greatest common divisor of 110 and 150?
10
Calculate the greatest common divisor of 900 and 24.
12
What is the highest common divisor of 110 and 517?
11
Calculate the highest common factor of 4225 and 65.
65
What is the highest common factor of 525 and 42?
21
Calculate the greatest common divisor of 109 and 872.
109
What is the highest common divisor of 2430 and 324?
162
What is the greatest common factor of 918 and 162?
54
Calculate the highest common divisor of 94 and 188.
94
Calculate the highest common factor of 2889 